le of 70?
False
Is 52 a factor of 167048024?
True
Does 587 divide 1020126652?
False
Is 409 a factor of 2844070662?
True
Is 180 a factor of 69971220?
True
Is 9 a factor of 569445421?
False
Is 189415707 a multiple of 12?
False
Does 145 divide 69830106?
False
Is 491139424 a multiple of 46?
True
Is 150 a factor of 136172231?
False
Is 12324620 a multiple of 214?
False
Does 10 divide 262659700?
True
Is 86106039 a multiple of 9?
False
Is 9 a factor of 49885155?
True
Does 10 divide 29954109?
False
Does 10 divide 27061833?
False
Is 12 a factor of 1719108?
True
Is 7 a factor of 17740331?
True
Does 1464 divide 126448249?
False
Is 1084 a factor of 42006769?
False
Does 37 divide 20704007?
False
Is 9609742 a multiple of 3?
False
Is 1621896045 a multiple of 12?
False
Does 46 divide 16809269?
False
Is 17695652 a multiple of 134?
False
Does 6887 divide 296551266?
False
Is 104 a factor of 28484768?
True
Is 9376495 a multiple of 20?
False
Is 55274822 a multiple of 1261?
False
Does 83 divide 109415165?
True
Is 12070458 a multiple of 54?
True
Does 6 divide 94143576?
True
Is 10 a factor of 20448477?
False
Is 9386496 a multiple of 216?
True
Does 95 divide 743601860?
True
Does 9840 divide 2367677370?
False
Does 8 divide 32972275?
False
Is 1896430140 a multiple of 6795?
True
Is 149782808 a multiple of 1036?
True
Is 794 a factor of 68327878?
False
Does 444 divide 16371765?
False
Does 238 divide 45452508?
False
Is 25 a factor of 106480968?
False
Is 227432690 a multiple of 25?
False
Is 61 a factor of 4823514?
True
Is 145742659 a multiple of 33?
False
Is 35 a factor of 813207780?
True
Is 4533334471 a multiple of 2564?
False
Is 1255800 a multiple of 28?
True
Is 136568750 a multiple of 206?
False
Does 194 divide 113935263?
False
Does 149 divide 1527979019?
False
Is 42800395 a multiple of 67?
False
Does 2333 divide 10601152?
True
Is 79 a factor of 109994228?
True
Is 1684 a factor of 279308462?
False
Does 31 divide 1317010138?
True
Is 222379286 a multiple of 72?
False
Is 1205 a factor of 3162124813?
False
Is 436 a factor of 34932756?
True
Does 3 divide 4471042?
False
Is 3939748487 a multiple of 17?
True
Is 151 a factor of 67289828?
True
Does 349 divide 187958866?
False
Is 558682470 a multiple of 474?
True
Does 3 divide 1737230?
False
Is 103983376 a multiple of 3?
False
Is 6169 a factor of 1813657984?
False
Does 578 divide 344323270?
True
Is 1544093 a multiple of 596?
False
Is 13921302 a multiple of 23?
True
Is 14 a factor of 916736648?
False
Is 257 a factor of 1008459336?
False
Is 68853596 a multiple of 574?
True
Is 727617252 a multiple of 12?
True
Does 23 divide 29693564?
False
Is 34 a factor of 29483730?
False
Is 4027 a factor of 99433912?
False
Does 867 divide 563063613?
True
Is 301 a factor of 1060044944?
True
Is 2488 a factor of 3324910952?
True
Is 77793586 a multiple of 28?
False
Is 1285729850 a multiple of 86?
False
Does 951 divide 115550304?
True
Does 19 divide 350980198?
True
Is 254 a factor of 71096750?
False
Does 12 divide 118196232?
True
Is 362 a factor of 908700002?
True
Is 2711 a factor of 684050364?
True
Is 41 a factor of 5485652851?
True
Does 430 divide 6455590?
True
Is 6635142 a multiple of 2007?
True
Does 291 divide 1138497924?
True
Is 148 a factor of 134602120?
False
Is 77305579 a multiple of 17?
True
Is 3 a factor of 38203399?
False
Is 18808010 a multiple of 54?
False
Is 198441885 a multiple of 859?
True
Is 48 a factor of 18208390?
False
Is 9921076 a multiple of 103?
False
Is 30714816 a multiple of 32?
True
Does 1163 divide 3630040?
False
Does 40 divide 1877618?
False
Does 9 divide 16291305?
True
Is 71101008 a multiple of 1103?
False
Is 150 a factor of 113122680?
False
Is 8 a factor of 115922680?
True
Is 22 a factor of 81330634?
True
Is 21134035 a multiple of 65?
True
Does 130 divide 1571463530?
True
Is 3429213 a multiple of 133?
False
Is 24219950 a multiple of 149?
True
Is 6451212 a multiple of 4?
True
Is 4081682400 a multiple of 3104?
True
Is 13 a factor of 6863715?
False
Does 86 divide 766016047?
False
Is 16 a factor of 3173200?
True
Is 1558302816 a multiple of 12?
True
Does 19 divide 5813791?
True
Is 43923061 a multiple of 1301?
True
Is 197 a factor of 462709857?
True
Is 159 a factor of 874295774?
False
Does 54 divide 51112674?
True
Is 880 a factor of 1191856160?
True
Does 21 divide 3627204?
True
Is 52 a factor of 43131452?
True
Does 146 divide 90582810?
False
Is 22 a factor of 7051272?
False
Is 398 a factor of 161757946?
True
Does 798 divide 178559522?
False
Does 11 divide 72017385?
True
Is 103 a factor of 3009927977?
False
Does 22 divide 37373512?
True
Is 940 a factor of 89753267?
False
Is 710 a factor of 149574280?
True
Is 5634696609 a multiple of 9?
True
Is 6167832 a multiple of 11?
True
Is 1589 a factor of 40432105?
True
Does 10 divide 518449147?
False
Does 1559 divide 41688452?
False
Is 225570510 a multiple of 22?
True
Is 685920127 a multiple of 18?
False
Is 184309216 a multiple of 13?
True
Does 17 divide 16710558?
True
Does 405 divide 315129816?
False
Is 1405382383 a multiple of 251?
True
Is 256 a factor of 817078030?
False
Is 116744156 a multiple of 97?
True
Does 1115 divide 3862935?
False
Is 565 a factor of 130063000?
True
Does 1089 divide 25059722?
False
Does 12 divide 710498146?
False
Is 70 a factor of 529856040?
True
Is 12 a factor of 28979880?
True
Is 1591777484 a multiple of 22?
True
Is 3485596 a multiple of 13?
False
Is 66984965 a multiple of 4337?
True
Does 3600 divide 2408716096?
False
Is 213817313 a multiple of 7?
False
Does 47 divide 247748985?
True
Is 1266630960 a multiple of 83?
False
Does 196 divide 335419986?
False
Is 7803 a factor of 2769256328?
False
Does 6 divide 1089415227?
False
Does 242 divide 27346982?
False
Is 222327918 a multiple of 35?
False
Is 10 a factor of 562758470?
True
Does 21 divide 132010011?
True
Does 46 divide 596667242?
True
Does 189 divide 52853450?
False
Is 229 a factor of 78914873?
False
Does 120 divide 56122080?
True
Does 665 divide 32110855?
True
Is 907208 a multiple of 8?
True
Is 3609689112 a multiple of 471?
False
Does 254 divide 110813850?
True
Is 13 a factor of 15069444?
True
Does 23 divide 223216009?
False
Does 72 divide 151618896?
True
Does 787 divide 193644498?
True
Is 71 a factor of 3712235?
True
Is 84 a factor of 3286236?
False
Is 564 a factor of 763736088?
True
Does 365 divide 31670924?
False
Is 15389652 a multiple of 750?
False
Is 3351354 a multiple of 678?
True
Is 368 a factor of 755367840?
True
Does 3023 divide 337026815?
False
Is 24 a factor of 309708024?
True
Is 721884939 a multiple of 368?
False
Is 3107472 a multiple of 12?
True
Is 37479330 a multiple of 82?
True
Does 858 divide 16933488?
True
Does 933 divide 112647261?
False
Does 76 divide 55390244?
True
Is 371 a factor of 291273584?
True
Is 23 a factor of 41278146?
True
Is 12 a factor of 835267?
False
Is 9346281 a multiple of 563?
False
Does 644 divide 26023396?
True
Is 533 a factor of 1480885068?
True
Is 44 a factor of 98379224?
False
Does 3113 divide 21109253?
True
Is 1261104209 a multiple of 107?
False
Does 20 divide 1281965540?
True
Is 10171279 a multiple of 27?
False
Does 29 divide 3702106?
False
Does 6 divide 20730963?
False
Is 37 a factor of 375262658?
True
Does 13 divide 39402980?
False
Is 3566738 a multiple of 7?
True
Is 299 a factor of 30891616?
False
Is 188 a factor of 666662199?
False
Is 3218870280 a multiple of 2180?
True
Does 10 divide 146645690?
True
Does 4627 divide 1837376546?
False
Does 23 divide 4153984?
True
Does 44 divide 891559658?
False
Is 626 a factor of 3516352176?
True
Does 51 divide 474909872?
False
Is 59 a factor of 4705395?
False
Does 4 divide 9537348?
True
Does 32 divide 21874348?
False
Is 17085816 a multiple of 1122?
True
Is 10 a factor of 4877450?
True
Is 30 a factor of 204633120?
True
Is 19439776 a multiple of 16?
True
Is 17742259 a multiple of 1978?
False
Does 88 divide 165445776?
False
Is 15 a factor of 7296159239?
False
Is 1318 a factor of 5710587018?
False
Does 167 divide 1565792?
True
Is 21 a factor of 1446790422?
True
Is 599 a factor of 21582569?
True
Does 15 divide 17882190?
True
Is 134149708 a multiple of 319?
True
Does 323 divide 202134692?
True
Is 4 a factor of 163484940?
True
Is 643 a factor of 104339610?
True
Does 476 divide 212129048?
False
Is 1240 a factor of 336663720?
True
Does 119 d